highest common divisor of 480 and d?
120
Let n(k) = 3*k**2 + 2*k - 4. Let h be n(-4). Let f be ((-6)/10)/(41/(-2460)). What is the highest common divisor of f and h?
36
Let i be 2 - ((-1 - 3) + 3). Suppose i = 11*f - 10*f. Let p be (66 + -3 + f)/2. What is the highest common divisor of 22 and p?
11
Let c(a) = 64*a**2 + 10*a - 56. Let d be c(7). Calculate the greatest common factor of 126 and d.
126
Suppose 0 = -5*d + 57 + 243. Let l be (8 - 204/21)*7*-1. What is the greatest common factor of d and l?
12
Let c = -33 + 111. Let r be (-4294)/(-26) + (-12)/c. Calculate the greatest common divisor of r and 15.
15
Let x(q) = 26*q. Let o be x(-2). Let t = o - -184. Suppose 0*s - t = -4*s. Calculate the highest common divisor of 33 and s.
33
Suppose 0 = 3*o - 0*o - 12. Let a be (-16 - -15)*-4*o. Let z be a + (-2)/(-2) - 1. Calculate the highest common divisor of z and 2.
2
Suppose 20*l - 19*l - 76 = 0. Let a be (36/8)/(3/76). What is the highest common factor of l and a?
38
Suppose -50 - 4 = -6*m. Calculate the highest common divisor of 1359 and m.
9
Let t(y) = -10*y**3 + y. Let f be t(-1). Let c = 154 + -91. What is the greatest common divisor of c and f?
9
Let j be (3 + 12)*28/10. Calculate the highest common divisor of 6 and j.
6
Suppose -3*l + 5*i + 55 = 0, 4*i - 10 = 3*l - 66. Suppose -85 = -3*a - 55. Calculate the highest common factor of a and l.
10
Suppose 3*s = 2*s - 3*d - 12, 0 = 3*s - d + 6. Let x be ((-8)/20 - 0)*-5 - s. What is the greatest common divisor of x and 55?
5
Let i = 25 + -12. Let p = i - 3. What is the highest common factor of p and 20?
10
Let u(q) = 2*q**2 - 40*q - 34. Let d be u(21). What is the highest common factor of d and 14?
2
Let w(a) = 2*a**3 + 13*a**2 + a - 55. Let s be w(-5). What is the highest common factor of 2055 and s?
15
Let p(i) be the second derivative of 1/20*i**5 + 9*i**2 + 2*i + 0 - 1/12*i**4 + 0*i**3. Let j be p(0). What is the greatest common divisor of j and 162?
18
Let c = 218 + -208. Calculate the greatest common factor of c and 110.
10
Suppose -w - 4*g = -41, 2*w = -2*w - 3*g + 99. Suppose 0 = i - w - 169. Calculate the highest common divisor of 76 and i.
38
Let n be 51/(-6)*(-14 - -12). What is the greatest common factor of 51 and n?
17
Suppose 4620 = 37*q - 7*q. Calculate the highest common factor of 42 and q.
14
Let c(y) = 3*y**2 - 5*y + y**2 - 2*y**2 + 0*y**2 + 12. Let v be c(2). What is the highest common divisor of 4 and v?
2
Let y = 94 - 58. Let n(z) = -z + 19. Let p be 4/(-10) + 222/30. Let l be n(p). Calculate the highest common divisor of l and y.
12
Suppose 8*j - 58 - 22 = 0. Calculate the highest common factor of 125 and j.
5
Let u be 2 + -3 + 5/10*50. Calculate the highest common factor of u and 136.
8
Let l(z) = -3*z**2 - z - 2. Let i(a) = a - 1. Let p(j) = -2*i(j) - l(j). Let w be p(-4). Let u be (24/15)/(1/5). What is the highest common factor of u and w?
8
Let w(v) = 2*v**2 - 22*v - 72. Let m be w(-7). What is the highest common divisor of 12 and m?
12
Let s be (-207)/(-18) + 2/(-4). Calculate the greatest common divisor of s and 583.
11
Suppose -q - 5*p + 10 = -0*p, 0 = -5*q - 2*p + 4. Suppose q = 3*z + 3*z - 90. Calculate the highest common factor of 5 and z.
5
Suppose -47 = 7*y - 194. Calculate the highest common divisor of 28 and y.
7
Suppose 0 = -15*h + 12*h + 21. Suppose 2*g + 70 = 7*g. What is the highest common factor of g and h?
7
Let b = -208 + 292. Suppose 0 = 6*i - 104 - 64. What is the highest common divisor of i and b?
28
Suppose -r + 10 = -70. Let i(g) = -3*g + 2. Let n = 4 - 10. Let j be i(n). Calculate the greatest common divisor of j and r.
20
Let n = -218 + 224. Calculate the highest common factor of n and 6.
6
Suppose 576 = y + 4*c, 5*y - 2*c + 572 = 6*y. What is the greatest common divisor of 71 and y?
71
Let k = 154 + -144. Calculate the highest common factor of k and 45.
5
Suppose -16*p - 266 = -778. What is the highest common factor of 320 and p?
32
Let p = -240 + 102. Let i = p + 218. What is the greatest common divisor of 10 and i?
10
Suppose -33 = -4*y + 4*b + 27, 3*y + 3*b - 39 = 0. Suppose y = -q + 20. What is the greatest common divisor of 2 and q?
2
Suppose 4*k + z = -z + 438, 0 = 4*k - 2*z - 442. Let b be (10 - 5)/5 - -10. What is the highest common divisor of b and k?
11
Let i = 1 - -5. Let z be (-3)/i + 771/2. Calculate the highest common divisor of 35 and z.
35
Suppose -y - 848 = -3*k - 3*y, -2*y - 1440 = -5*k. Let n(v) = -v - 44. Let m be n(-70). Calculate the highest common factor of k and m.
26
Let y(q) = 2*q**2 + 7*q + 13. Let d be y(17). Let k = d + -493. Calculate the greatest common factor of 31 and k.
31
Suppose 3*c - x - 4*x = 90, c + 3*x - 44 = 0. What is the greatest common factor of 5 and c?
5
Let x(i) = 3*i**2 - 9*i + 8. Let k be x(4). What is the greatest common factor of 12 and k?
4
Let k = -8 - -10. Let f(s) = -6*s + 1 + 2 + 14*s - 1. Let v be f(k). Calculate the highest common factor of 18 and v.
18
Suppose -9 = -y + 2*t - t, 4*y + t - 21 = 0. Let q be (-14)/y*(-4 - 5). What is the highest common factor of q and 28?
7
Let u be (3 + 0)*42/63 - -6. Let s be ((-38)/(-4))/((-1)/(-2)). Let c = s + -11. Calculate the greatest common divisor of u and c.
8
Suppose -116*z + 170640 + 69480 = 0. Calculate the greatest common divisor of z and 90.
90
Let w(p) = -8*p - 9. Let d be w(-7). Let x = -9 - -9. Let s be d + -2 + x/(-1). Calculate the greatest common divisor of s and 30.
15
Let f(t) = -5*t + 7. Let w be f(3). Let o = 26 + -40. Let r = w - o. What is the greatest common divisor of 15 and r?
3
Suppose -d - 4 + 6 = 0. Let c(h) = 7*h + 4 + 2*h**d - 2*h**2 + h**2 + 2. Let g be c(-7). Calculate the highest common factor of g and 12.
6
Let o = 473 - 374. What is the highest common factor of o and 77?
11
Let f = 30 + -20. Let j = f + -4. Suppose -2*y - j = -v, 7*v - 30 = 2*v + 4*y. Calculate the highest common divisor of v and 15.
3
Let k be (-10)/2*((-2)/1)/2. Suppose k*s + 289 = 309. Calculate the highest common divisor of s and 6.
2
Suppose -12*j - 22*j = -16864. Calculate the highest common divisor of j and 8.
8
Let k be (-2)/(24/128*(-2)/3). Calculate the greatest common factor of 64 and k.
16
Suppose 0 = -14*f + 1893 + 977. What is the greatest common factor of 82 and f?
41
Let l(k) = 7*k**2 + 33*k + 43. Let u(b) = -3*b**2 - 17*b - 22. Let s(r) = -4*l(r) - 9*u(r). Let f be s(22). Calculate the greatest common divisor of 2 and f.
2
Suppose 9*r - 12*r = -3, 0 = -4*o - 4*r + 28. Calculate the greatest common divisor of o and 27.
3
Let o(f) = 1. Let c(u) = -2*u**2 + 2*u - 7. Let x(g) = -c(g) - 3*o(g). Let r be x(-3). Calculate the greatest common factor of 7 and r.
7
Let a(x) = -2*x + 16. Let p be a(7). Suppose p*y - 22 = -2*m, m - y + 13 = 4*y. What is the highest common factor of 7 and m?
7
Let a be 6*(-3)/9*-3. Let q be 26 - a/(0 - -2). What is the highest common divisor of q and 23?
23
Let d = -57 - -57. Suppose 5*u - i - 62 = 3*i, d = -2*u - 2*i + 32. What is the highest common divisor of u and 7?
7
Suppose -8*u + 18*u - 770 = 0. Suppose -9*s + 652 + u = 0. What is the highest common divisor of 9 and s?
9
Let q(d) = -d**2 + 40*d + 75. Let c be q(41). Calculate the greatest common factor of c and 374.
34
Suppose 2*a - 6*a = 0. Suppose -2*p + 0*p + 278 = a. Let d = p + -91. Calculate the highest common factor of 32 and d.
16
Suppose 0*z - 4*z + 2*f = -14, -2*z - 8 = 4*f. Suppose z*s = -0*s - 4. Let c be s/4*-38 - -3. Calculate the greatest common factor of 22 and c.
22
Suppose 0 = -3*n + n + 2. Let k be 16/(-20)*-20*n. Let r = 111 + -87. What is the greatest common divisor of k and r?
8
Let b(q) = q**3 - 12*q**2 + 13*q + 6. Let v = -24 - -35. Let z be b(v). Calculate the highest common divisor of z and 14.
14
Let j = -184 - -199. Suppose 4*u - 127 = 413. Calculate the greatest common factor of u and j.
15
Let y be (-4)/(-22) + 373336/506. What is the greatest common factor of y and 82?
82
Suppose 2*b = 5*k - 1583 - 2976, 4*b = 5*k - 4553. What is the highest common factor of 11 and k?
11
Suppose 13 = j - 5*o + o, 0 = 2*j + 4*o - 2. Let f be 15/j + -4 - -8. Suppose 2*m - 9 + f = 0. Calculate the highest common factor of m and 1.
1
Let h(b) = 11*b**2 + b - 1. Let t be h(-4). Suppose -5*r + t = 4*y - 14, -2*r + 71 = y. What is the greate